o - 2*g. Let z = o - 30. What is the tens digit of z?
6
Suppose 2*m - 9141 = -3*n, n + 7*m - 3048 = 6*m. What is the hundreds digit of n?
0
Let t = 52 - 55. Let v be -3*t/(-6)*-4. Suppose -496 - 2 = -v*r. What is the tens digit of r?
8
What is the tens digit of 11164*((-1)/(-2) + (-11)/(-6 - 16))?
6
Let q(h) = h**3 - 21*h**2 - 4*h + 28. Let a be q(20). Let z = a - -899. What is the tens digit of z?
4
Suppose 43*t + 657938 = 89*t. What is the hundreds digit of t?
3
Suppose -4*c = -v - 0 - 24, 3*c - 3*v - 18 = 0. What is the hundreds digit of (49 - 61)*(-268)/c?
5
Let u(p) = -p - 2. Suppose 3*s - 2*r = -29, -22 + 0 = 2*s - 4*r. Let d be u(s). Suppose d*b = 20 + 288. What is the tens digit of b?
4
Let c(i) = 8*i**2 - 2*i - 154. Let k(q) = -q**2. Let o(r) = -c(r) - 5*k(r). What is the tens digit of o(0)?
5
Let l(g) = 149*g**2 - 8*g - 132. What is the units digit of l(-10)?
8
Let m(c) = 4*c**2 + 77*c - 25. Let j be m(-20). Suppose -31*i - 4736 = -j*i. What is the hundreds digit of i?
1
What is the thousands digit of (-8892)/570*6890/(-6)?
7
Let f(x) = -x**2 - 41*x - 29. Suppose 3*i + 47 = 5*k, -k + 9 - 68 = 3*i. What is the units digit of f(i)?
9
Let s(h) be the second derivative of -9/2*h**2 - 1/20*h**5 - 25*h + 7/12*h**4 + h**3 + 0. What is the units digit of s(6)?
3
Let m(k) = 1083*k + 29. Let f be m(2). Suppose 5*g = -2*c - c + f, g = c - 721. What is the hundreds digit of c?
7
Let y(h) = -51*h + 1 - 49*h - 2. Suppose 0 = 380*z - 382*z - 2. What is the units digit of y(z)?
9
Let y(w) = -2*w**2 + 6*w + 4. Let c be y(0). Suppose -3*o + c*d - 740 = -2751, d - 3367 = -5*o. What is the tens digit of o?
7
Let l be 1/(-5) + 6160/(-200). Let n = l + 171. What is the tens digit of n?
4
Suppose 608 + 940 = 6*j. Let n = j + -50. What is the hundreds digit of n?
2
Let h = 1 - -4. Suppose -h*j + 4*j = -1188. Suppose 3*k - j = -3*k. What is the hundreds digit of k?
1
Let b(y) = -728*y + 1880. What is the tens digit of b(-9)?
3
Let d(o) = -47*o + 159. Let u be d(11). Let v = u - -737. What is the units digit of v?
9
Let n be ((-18)/27)/((-2)/(-657)). Let x = 903 + n. What is the units digit of x?
4
Suppose 990*o - 980*o = 104910. What is the hundreds digit of o?
4
Let d be ((-11)/((-110)/1548))/(1/5). Let s = d + -527. What is the hundreds digit of s?
2
Suppose 357*f = 38*f + 266684. What is the tens digit of f?
3
What is the thousands digit of (-488)/((-3)/(-6)*41/(-697))?
6
Let b = -62 + 67. Suppose -4*l + 74 = -3*o - 109, b*l + 5*o = 255. What is the tens digit of l?
4
Let c be (3/9 - 3/9)*-1. Suppose -3*d + 5*i + 12 = c, 0 = -3*d - 4*i + 6 + 6. Suppose 22 = p - d. What is the units digit of p?
6
Suppose 5*m + 395 = 7*m + 5*z, 5*z = -5*m + 965. Suppose -3*u + 287 + m = 0. What is the units digit of u?
9
Let y(z) = 5*z**2 + z + 3. Let a be y(3). Let v = -45 + a. What is the tens digit of (-67)/(-6)*2 + (-2)/v?
2
Suppose -30*y = -33*y + 5*v + 4361, 0 = -2*y - 3*v + 2920. What is the thousands digit of y?
1
Let u = -11692 - -16892. Suppose -14*y + u = -10046. What is the units digit of y?
9
Suppose 2*x + 28 = x. Suppose 4*z - 425 = -m - 4*m, -3*z - 4*m + 318 = 0. Let p = x + z. What is the tens digit of p?
8
Let q = -63 + 19. Let n be q/154 + (-1)/(14/(-354)). What is the tens digit of (n - (-3 + 5))*(7 + -2)?
1
What is the tens digit of (-393771)/(-238) - (-6)/4?
5
Let s(d) = 2*d**3 - 4*d**2 - d - 26. Let c be s(8). What is the units digit of (5/10)/(1/c)?
7
Suppose 14*q - 18 = 5*q. Suppose 5*g - 4*a = 716, -q*a = g + 25 - 171. What is the units digit of g?
4
Suppose 0*y - y - 4 = 0. Let o be 57*1 + (-12)/y. Let l = 90 - o. What is the units digit of l?
0
Let c be -4*2/(-4)*1. Suppose 0 = -3*t - v + 691, -c*t - 920 = -6*t - v. What is the tens digit of t?
2
Let d be (-2)/6 - 594/(-81). Let v(w) = 2*w**3 - 8*w**2 - 17*w + 16. What is the hundreds digit of v(d)?
1
Suppose 0 = 86*u - 203*u + 72*u + 589590. What is the units digit of u?
2
Let u(n) = -2*n**2 + 16*n - 12. Let p be u(7). Suppose p*h + 257 = -83. Let r = 316 + h. What is the tens digit of r?
4
Let o(b) = 2635*b - 16. Let g be o(2). Suppose -13*w = 54 - g. What is the units digit of w?
0
Suppose 3*s = -j + 2802, -2*s - 2809 + 37 = -j. What is the hundreds digit of j?
7
Let r(s) be the second derivative of s**4/12 + 3*s**3/2 - 18*s**2 - 8*s. What is the units digit of r(8)?
0
Let s = 89 + -35. Suppose -s = 2*f - 2*q, -4*f - 91 = -3*q + 19. Let w = 150 + f. What is the tens digit of w?
2
Let z be (27/(-15) - -1)*10. Let p(w) = -w**2 - 5*w + 26. Let d be p(z). What is the units digit of d*6*(-99)/(-12)?
9
Let i = -88 - -66. Let k = i + 22. Suppose 2*c + m = -k*m + 561, -5*c = -m - 1392. What is the tens digit of c?
7
What is the units digit of 236030/20 + (-6)/(-4)?
3
Let o(j) = -38*j**3 - 23*j - 24. What is the units digit of o(-1)?
7
Let l = 1217 - 293. Suppose t = 4, -5*f - 3*t + l = -2623. What is the hundreds digit of f?
7
Suppose 3232829 = 86*w + 27*w - 1329433. What is the ten thousands digit of w?
4
Suppose 11*x = -0*x + 33. Suppose -2*r - x*r + 615 = -2*d, r = -5*d + 150. What is the tens digit of r?
2
Let y be (-9 - -12)/(-3)*(-4 + -2). What is the units digit of -4 + (-2084*y/(-8) - 3)?
6
Let z(b) = b**3 + 14*b**2 + 18*b + 74. Let f be z(-13). What is the tens digit of (47292/(-378))/((-1)/f)?
2
Let v(a) = -1. Let n(q) = -520*q + 28. Let d(f) = -n(f) + 6*v(f). What is the hundreds digit of d(2)?
0
Suppose 9*v - 101418 - 70473 = 0. What is the tens digit of v?
9
Let p(s) = -13*s - 28*s + 16*s - 7 + s**3 + 5*s**2. Suppose 16*z - 14*z = 4*k - 32, 5*k = 20. What is the units digit of p(z)?
1
Let p(f) = -f + 1. Let l be p(-3). Let k = 225 - 119. Suppose l = z - k. What is the tens digit of z?
1
What is the hundreds digit of (6/(-15))/((2/(-136390))/(80 + -79))?
2
Suppose z = -z + 4*l - 270, 0 = -4*z + 2*l - 534. Let t = z - -339. Let y = t - 72. What is the tens digit of y?
3
Let c(y) = -19*y**3 + 61*y + 9. What is the hundreds digit of c(-6)?
7
Suppose 4*z = 3*g + 24, -6 = 21*z - 22*z + 4*g. Suppose z*q - 4067 = 3037. What is the thousands digit of q?
1
Let v = -1070 - -8949. What is the tens digit of v?
7
Suppose -5*t + 141565 = -5*z, 3*t + 5*z - 40366 - 44605 = 0. What is the units digit of t?
7
Let c be (-2)/6 + (-1742)/(-6). Let m = 155 - c. Let i = m - -229. What is the units digit of i?
4
Let q(i) = 74*i**3 - 2*i**2 - 4*i + 4. Let l be q(2). Suppose 0 = 3*d + 5*b - 311, 4*b = -11*d + 16*d - l. What is the units digit of d?
2
Let p = 104 + -102. Suppose -1968 + 486 = -3*z + 2*h, 0 = p*z + h - 995. What is the hundreds digit of z?
4
Suppose -1 - 9 = -2*v. Suppose 3*z + 91 = 3*k + 22, 5*k = -v. Let m(o) = -o**3 - 23*o**2 + 25*o + 25. What is the units digit of m(z)?
1
Let t be -1*-4*(1 + 0). Suppose -4*c = -9*c + 3*b + t, 0 = -5*c - 3*b + 16. What is the units digit of -1*(1 - (c - -1))?
2
Let u(j) be the second derivative of -1/6*j**3 + 0 + 4*j + 5/2*j**2. What is the units digit of u(-25)?
0
Let o(c) = -266*c**3 + 2*c**2 - 44*c - 94. What is the tens digit of o(-3)?
3
Let y = -3766 + 9142. What is the units digit of y?
6
Suppose -4861 = -5*v + 5*p + 4179, v - 5*p = 1820. Suppose 9*s - v - 13 = 0. What is the tens digit of -12 + s - (4 - -1)?
8
Suppose 12*t + 20*t - 38761 - 55863 = 0. What is the hundreds digit of t?
9
Let h be -10*1*(1 - 12/8). Suppose 0*a = -3*a + 12. Suppose a*c - 3*c + 41 = q, -3*q = -h*c - 113. What is the units digit of q?
6
Suppose x + f = 8, -5*f + 16 = -f. Suppose 2 = m + x*r + 6, m - 4*r - 4 = 0. Suppose m = -0*j - 3*j + 396. What is the tens digit of j?
3
Suppose 14*x = 3929 + 2903. Let d = -326 + x. What is the tens digit of d?
6
Let c(l) = 127*l - 907. What is the tens digit of c(49)?
1
What is the hundreds digit of ((-54)/81)/((-1)/28398)?
9
Let f(l) = l**3 + 74*l**2 + 224*l + 212. What is the units digit of f(-50)?
2
Suppose 8*y - 448123 + 210696 = 342757. What is the thousands digit of y?
2
Let o(p) = -2532*p + 2100. What is the ten thousands digit of o(-5)?
1
Suppose 75*y - 204297 = 903. What is the hundreds digit of y?
7
Let m(o) = 4*o**3 + o**2 - 4*o + 1294. Let s = -77 - -77. What is the thousands digit of m(s)?
1
Let h be (48/40)/((3/(-60))/1). What is the hundreds digit of ((-1860)/h)/((-3)/(-6))?
1
Let x(l) = -4012*l + 359. What is the hundreds dig